alculate the remainder when 39 is divided by y(b).
9
Calculate the remainder when -7*(4/(-2) - 1) is divided by 6.
3
Suppose 5*t + 12 = 2. Let u = t + 13. Calculate the remainder when 32 is divided by u.
10
What is the remainder when 14*1/(-1 - 39/(-33)) is divided by 9?
5
Let t = -3 + 5. Suppose -3*g = t*g - 80. Suppose -3*s = 3*r - 12, r - 10 = -2*s - 0. Calculate the remainder when g is divided by s.
4
Suppose 425 = 4*t + 5*k, t + 4*k = -4*t + 529. What is the remainder when t is divided by 36?
33
Let d = 5 + -5. Suppose -2*q + 116 = -d*q. Calculate the remainder when q is divided by 20.
18
Let l(d) = d**3 + 2*d**2 + d. Let t be l(-1). Let b(y) = y**2 + 7. Calculate the remainder when (1 + -10)*8/(-6) is divided by b(t).
5
Suppose 0 = -2*f + 122 + 154. Suppose -36 + f = 3*q. Calculate the remainder when q is divided by 18.
16
Suppose -4*o = -5*o. Suppose -5*k + 60 = 3*n, n = -o*n + 5*k. What is the remainder when 43 is divided by n?
13
Let d(p) = p**2 - 4*p + 3. Let z = 2 + 4. Calculate the remainder when d(z) is divided by 6.
3
Let o(i) = -1 - 7*i + 4*i + 9. Suppose -3*g + 32 = 2*a, 2*g + 0*a - 8 = -4*a. Calculate the remainder when o(-6) is divided by g.
12
Let b(g) = -g**3 + 7*g**2 - 5*g - 7. Let c be 1/(-6) - (-419)/(-6). Let t = 122 + c. Calculate the remainder when t is divided by b(5).
16
Suppose -3*h + 2*h = -2*y + 14, 2*y - 4*h - 2 = 0. Calculate the remainder when y is divided by 6.
3
Let z(x) = -5*x**3 - 3*x**2 + 2*x + 1. Let t be z(-3). Let o = t + -30. What is the remainder when o is divided by 19?
16
Suppose -28 = -h + 3. Suppose 66 = 5*d - 2*d. Suppose -3*i + a + d = 0, 3*i + 2*i - h = -4*a. Calculate the remainder when i is divided by 3.
1
Suppose 15 = 5*n, 5*n = 3*h - 142 + 28. Suppose -100 = 2*i + 3*i. Let q = i - -35. Calculate the remainder when h is divided by q.
13
Let l = 10 - -4. What is the remainder when 25 is divided by l?
11
Let u(i) be the first derivative of -i**3/3 - 4*i**2 - 8*i - 4. Let l be u(-7). Let x(f) = -19*f**3 - f**2 + 1. What is the remainder when x(l) is divided by 7?
5
Let f(h) = 5*h + 2. Let q(b) = 2*b**2 + 6*b + 6. What is the remainder when f(3) is divided by q(-3)?
5
Suppose 0*c = -2*c - 8, -4*s + 64 = -3*c. Suppose f - s = -5. What is the remainder when f is divided by 3?
2
Let i = 12 + -7. Let y be 2*-1 - 10/i. Calculate the remainder when y*(1 + 33/(-12)) is divided by 4.
3
Suppose 2*w - 6 = 12. Let k = -123 + 187. Let b = k - w. What is the remainder when b is divided by 14?
13
Suppose 5*v = 5 + 45. Calculate the remainder when 16 is divided by v.
6
Suppose 4*s - 298 = -5*r, -2*s + 4*s = -6. What is the remainder when r is divided by 32?
30
Let i(r) = -r + 9. Suppose 18 - 60 = 3*q + 3*p, 2*q + 4*p = -38. Let n = q - -26. What is the remainder when n is divided by i(0)?
8
Suppose 0*s - 15 = -5*s. Let m(j) = j**2 - 5*j + 4. Let t be m(s). Calculate the remainder when 26 is divided by (-1)/t + (-135)/(-10).
12
Let q = 102 + -97. What is the remainder when 39 is divided by q?
4
Let p = 3 - 3. Let m(q) = -q**3 + 9*q**2 - 9*q + 8. Let a be m(8). Calculate the remainder when 17 is divided by (p - a - -2)*3.
5
Suppose z + 4*n + 64 = 5*z, 0 = -z - 3*n. Let x = 54 + -102. Let d = 83 + x. Calculate the remainder when d is divided by z.
11
Suppose 0 = -2*r - 2*r - 12. Let k be ((-15)/(-9))/((-1)/r). Suppose -k + 49 = 2*z. Calculate the remainder when z is divided by 8.
6
Let s(t) = 15*t**2 - 2*t + 1. What is the remainder when 54 is divided by s(1)?
12
Suppose 3*z - 3*i = 21, 0 = -2*z - 3*i + 2 + 12. Let v(b) = 6*b - 9. Calculate the remainder when z is divided by v(2).
1
Suppose 0 = -a + 4 + 25. What is the remainder when 86 is divided by a?
28
Suppose -5*l - 5 = 0, 302 = 4*n + l + l. Suppose 2*t + 2*t = n. What is the remainder when t is divided by 7?
5
Let f = -25 + 72. Suppose 0 = 3*g - 11 - 19. What is the remainder when f is divided by g?
7
Let h(r) = 3*r**2 + 3*r + 2. Calculate the remainder when h(-3) is divided by 11.
9
Calculate the remainder when -69*5/(-12 + -3) is divided by 12.
11
Let w = -171 + 369. Calculate the remainder when w is divided by 50.
48
Let a = -8 - -8. Suppose a = -0*c + c + 8. Calculate the remainder when (4/(-10))/(c/40) is divided by 1.
0
Let l be -2 + 3 + (-3 - -16). Let c = 67 - l. Calculate the remainder when c is divided by 28.
25
Calculate the remainder when 19 is divided by (-2 - 74/(-8)) + (-2)/8.
5
Let f(n) = -2*n + 13. Let s(v) = -v**3 + 6*v**2 + 7*v + 9. Let c be s(7). Let l = c + 2. What is the remainder when f(-9) is divided by l?
9
Let v(h) = 5*h + 1. Suppose 5*k + 200 = 4*a, 0*a - 110 = -2*a + 5*k. Calculate the remainder when a is divided by v(3).
13
Let t(l) = -36*l + 1. What is the remainder when t(-4) is divided by 21?
19
Suppose 12 = 8*x - 5*x. Let w = -11 - -22. What is the remainder when w is divided by x?
3
Let c(p) = 3*p**3 - 4*p**2 + 4*p. Let i(a) = 8*a**3 - 12*a**2 + 11*a - 1. Let l(f) = 11*c(f) - 4*i(f). What is the remainder when 15 is divided by l(-4)?
3
Suppose 7*y = 351 - 22. Calculate the remainder when y is divided by 24.
23
Suppose 4*u + 2*d - d = 15, -d = 5*u - 18. Let r = -8 - -12. Calculate the remainder when 37 is divided by 1 - r - (-13 - u).
11
Let r(m) = 18*m**2 + 3*m - 2. Let p be r(2). Let x = -44 + p. Suppose -5*f - 15 = 3*s - 48, 4*f - 55 = -5*s. Calculate the remainder when x is divided by s.
10
Let w(a) = a**3 - 9*a**2 + 9*a - 8. Let t be w(8). Suppose t*n + 6 = 2*n. Suppose 41 + 1 = n*g. Calculate the remainder when 40 is divided by g.
12
Suppose -16 - 14 = -2*n. What is the remainder when n is divided by 8?
7
Suppose -4*r = -2*t + 4, 3*t - 4 = -3*r + t. Suppose r = i - 5, -5*n - 5*i + 55 = -2*i. Let g(y) = -2*y - 7. What is the remainder when n is divided by g(-5)?
2
Let x(g) = -48*g + 1. Let k be x(-1). Suppose -3*v + k = 19. What is the remainder when v is divided by 3/4*(-4)/(-1)?
1
Suppose 0 = -x + 2 - 0. Suppose 3*d + 3*q - x*q - 53 = 0, 0 = 4*q + 16. Calculate the remainder when d is divided by 5.
4
Suppose 0 = -11*c + 5*c + 384. What is the remainder when c is divided by 22?
20
Let q(b) = 18*b**2 + 2*b. What is the remainder when 38 is divided by q(1)?
18
Let y(t) = -81*t**3 + t**2. What is the remainder when y(-1) is divided by 17?
14
Let f(r) = r + 5. Calculate the remainder when f(10) is divided by 8.
7
Suppose -3*v = 2*u - 136, 5*v + 4*u = 2*u + 224. Let r be (0 - 2)/((-4)/(-58)). Let m = r - -44. What is the remainder when v is divided by m?
14
Let n = 12 - 6. What is the remainder when 20 is divided by n?
2
Suppose -o = 3*d - 21, -3*o + 0*o + 14 = 2*d. Calculate the remainder when 11 is divided by d.
4
Suppose -36 = 3*o - 5*k, -2*o - 4*k + 0*k - 24 = 0. Let s(i) = i + 16. Calculate the remainder when s(o) is divided by 3.
1
Let q(u) = -2*u**3 - 20*u**2 + 16*u + 10. Suppose 3*n - 38 = 40. What is the remainder when q(-11) is divided by n?
24
Suppose 96 = -5*x + 11*x. Let c = -101 + 147. Calculate the remainder when c is divided by x.
14
Let b = 56 - 14. What is the remainder when b is divided by 11?
9
Suppose 0 = 5*w - 2*k - 403, 2*w - 64 = -3*k + 82. What is the remainder when w is divided by 20?
19
Suppose 0*r + 26 = r. Suppose -3*m - r = -5*m. Calculate the remainder when 38 is divided by m.
12
Let y(b) be the third derivative of -b**6/120 + b**5/15 + b**4/4 + b**3 + 7*b**2. What is the remainder when 53 is divided by y(5)?
9
Let z be (-1 - (3 - 0))*1. What is the remainder when (-1 + -57)*z/8 is divided by 8?
5
Suppose i + 5 = 1. Let o = -15 - i. Let b = 26 + o. What is the remainder when 28 is divided by b?
13
Let r be 1 + 18*1 - -2. Suppose -37 = 5*b - d, 2*d - r = 3*b + d. Let i = 11 + b. Calculate the remainder when 8 is divided by i.
2
Let v = 72 + -47. Calculate the remainder when 97 is divided by v.
22
Let h(t) = -3*t - 4. What is the remainder when 65 is divided by h(-7)?
14
Suppose -4*v = -4*q + 72, q + 9*v = 5*v + 38. What is the remainder when 57 is divided by q?
13
Calculate the remainder when 20 is divided by 10/(-4)*(-72)/30.
2
Suppose 13 = -2*t + 49. Calculate the remainder when 64 is divided by t.
10
Let p(v) be the second derivative of -v**5/20 - 5*v**4/12 + v**3 + 9*v**2/2 - 3*v. Let r = -13 - -18. Calculate the remainder when p(-6) is divided by r.
4
Let v = -2 + 0. Let b = v + 7. S